= 73 - -78. Suppose 0 = -y*q + 152*q - 51. Calculate the greatest common divisor of q and 544.
17
Let t(i) = -16*i + 2681. Let m be t(-88). What is the greatest common divisor of 94 and m?
47
Let k(d) be the first derivative of d**4/4 - 10*d**3/3 + 14*d + 86. Let z be k(10). What is the greatest common factor of z and 140?
14
Let y = 444 + -303. Suppose -n = -6*n + 3*h + 148, 5*n + 4*h = y. Suppose -4*q - 215 = 3*a - 8*a, a = -2*q + n. Calculate the highest common factor of 13 and a.
13
Suppose 0 = -5*v + 6*v - 4, 28 = 2*m + 2*v. What is the greatest common factor of 98 and m?
2
Let f be -9*(3 + (-4 - (9 - 9))). Calculate the greatest common factor of f and 2862.
9
Let q(x) = -4*x**2 - 5*x - 2. Let b be q(-3). Let z(n) = n**3 + 24*n**2 - 8*n - 113. Let t be z(b). Calculate the highest common factor of 36 and t.
12
Let z = -826 + 829. Suppose -600 = -0*h - z*h - 3*j, 2*j = -4*h + 808. Calculate the highest common factor of 12 and h.
12
Suppose 10 = -2*t, 3*r - 14790 + 1505 = 5*t. What is the highest common divisor of 52 and r?
52
Let z = 119 - -213. Suppose -4*u = -4*c + z, 0 = -4*u + 6*u - 10. What is the highest common divisor of 11 and c?
11
Suppose 3*z + t = 34770, 5*z - 57949 = 190*t - 192*t. Calculate the highest common divisor of 173 and z.
173
Let u be 1280/(-512) + (-19499)/(-2). What is the highest common factor of u and 19?
19
Let g = -24661 - -36761. What is the greatest common divisor of 100 and g?
100
Let j be (33 - 56/4)*3. What is the greatest common factor of j and 703?
19
Let u(j) = -8*j**2 + 473*j + 138. Let t be u(58). Calculate the greatest common divisor of t and 99.
33
Let h = -7233 + 7464. Suppose -96 = -2*s - 3*x, -158 + 36 = -3*s + x. Calculate the highest common divisor of s and h.
21
Let p(c) = -c**2 + 7*c + 4. Let b be p(4). Let i(u) = -20*u - 48. Let z be i(-5). What is the greatest common divisor of b and z?
4
Suppose -10 = 5*v, -5*n + 0*v + 658 = -4*v. Calculate the highest common factor of 1690 and n.
130
Let k(v) = -9*v + 44. Let h be k(-20). Let d = 417 - 249. Calculate the greatest common factor of d and h.
56
Suppose -24787 = -3*j + 4*f + 3694, 5*j - 47501 = 2*f. What is the greatest common factor of j and 17?
17
Let j = 909 - -848. Calculate the greatest common factor of j and 21.
7
Let r = 896 - 355. Let c = -1292 + 1631. Suppose -20*d + r = -c. Calculate the highest common factor of 4 and d.
4
Let a(t) = 4*t**2 - 9*t + 15. Let m be a(2). Suppose 212 + 22 = m*i. Let k be 14/(-3)*i/(-4). Calculate the greatest common divisor of k and 189.
21
Suppose -3*d = n - 1849, -n = -4*d + 2*n + 2461. Let r = -131 + 187. What is the greatest common divisor of r and d?
56
Let u(n) = -97*n + 591. Let k be u(6). Calculate the greatest common divisor of k and 11835.
9
Let l be 3520/280 + (-20)/42*(-84)/(-70). Calculate the greatest common factor of l and 4764.
12
Suppose -8*f + 33120 - 32728 = 0. Calculate the highest common divisor of f and 2485.
7
Let y(v) = -v**2 + 36*v + 1386. Let r be y(58). What is the highest common divisor of r and 7414?
22
Let d = 120 + -77. Let s = 123 - d. Suppose -s = -5*h + 15. Calculate the highest common factor of 152 and h.
19
Let n = -202 + 234. Suppose -n*g = g - 2970. What is the greatest common factor of 108 and g?
18
Suppose -49*b + 14840 = -14*b. Suppose -5*w + s = -2093, -w + 0*s = -2*s - b. Calculate the greatest common factor of w and 19.
19
Suppose 5*o - 3*o = -17 + 105. What is the greatest common factor of o and 1507?
11
Let a = -853 - -579. Let b = 364 + a. Let j be (0 - -8)*18/8. What is the greatest common factor of j and b?
18
Let t = -2 - -13. Suppose t = 3*i - 7. Suppose 591 = 29*m - 801. What is the highest common divisor of m and i?
6
Suppose 23*j = -33*j + 13*j + 13330. Calculate the greatest common factor of j and 1090.
10
Let i = -1763 - -2907. Let c = i - 714. What is the highest common divisor of c and 10?
10
Let s be 54/(-72)*(-800)/6. Suppose 0*q + 325 = q. What is the greatest common factor of s and q?
25
Suppose -2128 = -36*t + 22*t. Let i be 19 - 30/12*4/(-2). What is the greatest common divisor of t and i?
8
Suppose -17*z + 133 + 547 = 0. Calculate the highest common factor of 310 and z.
10
Let k = 7374 - 6534. What is the greatest common divisor of 2040 and k?
120
Let w = -263 + 342. Suppose -3*q + 68 = -w. Calculate the greatest common divisor of q and 14.
7
Suppose -5*u + 5*r + 232 - 112 = 0, 5*u - r = 104. What is the highest common factor of 1280 and u?
20
Let c be (124/(-8) + 2)*-16. Let k = 62 - 62. Suppose h + 4*h - 120 = k. Calculate the greatest common factor of h and c.
24
Suppose 73*b - 340 = 68*b. Calculate the greatest common divisor of b and 3332.
68
Suppose -5*g = -z + 50, 114*g + 4 = 113*g. Calculate the highest common factor of z and 230.
10
Suppose 0 = -h + 1, 4*g + 83*h - 897 = 82*h. Let p = -40 + 82. Calculate the highest common divisor of p and g.
14
Let z(a) = -a**3 - 81*a**2 - 76*a + 460. Let g be z(-80). Calculate the greatest common factor of 1505 and g.
35
Let s(v) = v**2 + 41*v - 5120. Let l be s(-95). Calculate the greatest common divisor of l and 5095.
5
Let b(k) = k**3 - 94*k**2 + 939*k + 62. Let s be b(84). Calculate the highest common divisor of 142 and s.
142
Let v(o) = -18*o + 6*o**2 + 15*o - 3*o**2. Let i be v(2). Suppose 268 = i*y - 92. Calculate the highest common factor of y and 150.
30
Suppose -8*w + 900 = 140. Suppose w = 22*z - 521. Let h = 108 + -66. What is the highest common divisor of z and h?
14
Let q be (-6 + (-6 - -11))/(2*(-2)/184). What is the highest common factor of q and 736?
46
Let j be (-3)/(-2 - -5) - (1 + -548). Let i(q) = q**3 - 5*q**2 - 39*q + 162. Let w be i(8). What is the highest common divisor of w and j?
42
Let u(t) = 2*t**2 + 15*t + 29. Let v be u(-2). Suppose 2*p - 5*h = -v*h + 232, -4*p - 3*h + 468 = 0. Calculate the greatest common factor of p and 72.
24
Let y = -479 - -491. Suppose -70 = y*n - 19*n. What is the greatest common factor of n and 230?
10
Suppose 500*q - 483*q - 5372 = 0. Calculate the greatest common divisor of q and 12.
4
Let k(m) be the first derivative of 5*m**2 - 240*m + 59. Let y be k(37). Calculate the greatest common factor of 10 and y.
10
Let p be (-13 + (-11 - -57))*6. What is the highest common factor of 207 and p?
9
Suppose 4*q - 401 = 119. Suppose -3*p = -n - 100, -p = -5*p + 2*n + q. What is the highest common divisor of p and 385?
35
Suppose -191 = -b + 2*k, -3*b + 0*b = -10*k - 577. Suppose 378 = -4*t + 11*t. What is the greatest common divisor of t and b?
27
Let d be -2 + 21/(21/10). Let g(h) = -2*h - 4 - h + 2*h + 2*h**2 - h**2. Let k be g(d). Calculate the highest common factor of 39 and k.
13
Suppose -566 + 4221 = 43*p. Let h = 184 - 169. What is the highest common divisor of p and h?
5
Let g(x) = 38*x**2 + 2*x - 1. Let k be g(-3). Let y = -59251 - -59256. Calculate the highest common factor of k and y.
5
Let t be (3 - (-3 - -6))/2. Suppose 5*c = -4*u + 32, u + 3*c - 4 - 11 = 0. Suppose -u*b = -t*b - 117. Calculate the greatest common factor of 13 and b.
13
Let r be (3/(-24)*-6 + -1)*4. Let k be 460/14 + (r/(-7))/1. Let p be 2/(-3)*9/(-2). What is the greatest common factor of p and k?
3
Suppose 335*d + 21000 = 440*d. Calculate the greatest common divisor of d and 16600.
200
Let u(m) = 21*m**2 - 2. Let r be u(3). Let l be 1*(-4 + 6 + 15). What is the greatest common factor of r and l?
17
Suppose 23*v + 177 = -7. Let m be v/(-24) + 1 + (-204)/(-9). Calculate the highest common divisor of m and 42.
6
Suppose 1905 = 6*v - 1107. Suppose -5*w + 288 = 5*y - v, y + 1 = 0. Suppose -4*i = -w - 61. What is the greatest common divisor of i and 5?
5
Suppose 15*i = 3*i + 7776. Suppose v - 2*z = 3*v - i, -5*v + 1620 = z. What is the greatest common factor of v and 12?
12
Suppose 1690 - 4462 = -99*x. Calculate the greatest common divisor of 2226 and x.
14
Suppose -12*g + 9*g + 370 = j, 4*g - 476 = 3*j. Let u = g - 119. Suppose 5*p - 31 = t, 2*p + 4*t - 2 - 6 = 0. Calculate the greatest common factor of u and p.
3
Let i(q) = -1148*q + 2343. Let o be i(-10). Calculate the greatest common divisor of 23 and o.
23
Suppose -73*m + 1293 = -1043. Calculate the highest common divisor of m and 11104.
32
Suppose -233 = -3*f - 53. Suppose 0 = -2*v + 3*p + f, 2*p + p = 3*v - 84. Cal